 r.
3
Suppose 2*z - 6*z - 220 = -4*w, 2*w - 110 = 3*z. What is the greatest common divisor of 5 and w?
5
Suppose -5*s - 2*c + 25 = 0, 5*s = 4*c - 3 - 2. Suppose -s*z + 366 = 42. What is the highest common divisor of 12 and z?
12
Let b be (1/3)/((-18)/(-324)). What is the greatest common factor of 18 and b?
6
Let c(n) = 6*n + 1. Let a be c(-1). Let z(m) = 3*m**2 - 3*m + 6. Let q be z(a). What is the highest common factor of 12 and q?
12
Suppose 5*o + 56 = 9*o. Calculate the greatest common divisor of 126 and o.
14
Suppose 0 = -3*g + 3*v - 102, -2*v = -2 + 6. Let w = g + 50. Let n be (-280)/(-15)*(-9)/(-6). Calculate the greatest common factor of w and n.
14
Let g(j) = -j**2 - 8*j + 7. Let v be g(-8). Suppose -164 = -0*l + 4*l. Let o = v - l. Calculate the greatest common divisor of 32 and o.
16
Let r = -166 - -236. Let v = -8 - -10. Suppose -m = -v*m + 4*n + 24, n + 111 = 4*m. Calculate the greatest common divisor of r and m.
14
Let n be 19 + -1*(0 - 1). Let v(a) = -21*a**3 - a - 1. Let x be v(-1). Let d = 31 - x. Calculate the greatest common factor of n and d.
10
Let z = -13 + 15. Suppose d = z*d - 2. What is the highest common factor of d and 18?
2
Suppose 0 = 4*z - 12 + 4. Calculate the greatest common divisor of z and 1.
1
Let m be -1 + 2 - 59/(-1). Let f(c) = c**2 + 6*c + 5. Let y = 11 - 18. Let q be f(y). Calculate the greatest common divisor of q and m.
12
Let z be 6/(-45) - (-141)/45. Calculate the highest common factor of z and 12.
3
Suppose 0 = -3*d - 0 + 48. Suppose 0 = -q - 9*q + 400. Calculate the highest common divisor of q and d.
8
Suppose -v = -11 + 3. Suppose -5*l + 50 = -5*w, 3*w - 34 = -9*l + 4*l. Calculate the highest common divisor of v and l.
8
Suppose 12 = 3*c + 2*n, -2*c + n = -2 - 6. Calculate the greatest common divisor of c and 44.
4
Suppose 32 = 5*u + t, -4*t + 6 + 17 = 5*u. Suppose 3*k - 8 - u = -5*z, -5 = -5*z - 5*k. What is the greatest common divisor of 24 and z?
6
Let d = 21 + -15. What is the highest common factor of 42 and d?
6
Let i(b) = 9*b - 22. Let d be i(3). Calculate the greatest common factor of d and 40.
5
Let h(x) = x**3 - 12*x**2 + x - 11. Let z be h(12). What is the highest common factor of z and 1?
1
Suppose -p = -4*z + 82, 2*z - 5*p + 6 = 56. Suppose 0 = j + 4*j - 400. What is the greatest common factor of j and z?
20
Let c = 71 + 6. Let z = -49 + c. Let d = 42 - z. Calculate the greatest common factor of 56 and d.
14
Suppose -2*v = 2*v + 16, k + 2*v = 46. Let i(u) = 9*u. Suppose -2*q = q - 6. Let n be i(q). What is the greatest common factor of n and k?
18
Let j be 164/10 + (-2)/5. Let h be ((-8)/3)/(13/(-39)). What is the greatest common factor of j and h?
8
Suppose 3*p = d - 141, 3*d - 5*p + 7*p - 434 = 0. Calculate the greatest common factor of 9 and d.
9
Let d(j) = j**2 - 4. Let h be d(4). Calculate the highest common factor of 24 and h.
12
Suppose 0 = h - 2 + 6. Let y(u) = -u**3 + 5*u**2 + 7*u + 5. Let s be y(h). What is the highest common factor of s and 11?
11
Suppose 4*q + 2*a + 68 = 0, 3*q + 38 + 10 = -3*a. Let x be (117/q)/(1/(-2)). Calculate the greatest common divisor of 13 and x.
13
Suppose -2*z + 43 = h, -8*h - 5*z + 190 = -3*h. Calculate the highest common factor of h and 3.
3
Let q be 9*(1 + 0) + 0. Let j be (-1)/2 + (-18)/12. Let l = 61 - j. Calculate the greatest common divisor of l and q.
9
Suppose -95 = -4*o + 33. What is the greatest common divisor of 224 and o?
32
Let y(t) = 19*t + 1. Let b be y(1). What is the greatest common divisor of b and 80?
20
Let f = 154 - 84. Calculate the greatest common factor of 14 and f.
14
Let i be (1 - -9)/((-3)/(-15)). Suppose 2*a - a = i. What is the greatest common factor of a and 125?
25
Suppose -3*a = -0*q - 2*q + 3, -q + 5*a = -5. Suppose -3*y - 5*n + 65 = q, -y + 3*n + 0*n + 3 = 0. Calculate the highest common factor of y and 120.
15
Suppose 5*f + 4*i = 3*f - 4, f = -5*i - 11. Calculate the highest common factor of f and 12.
4
Let p = -1 - 0. Let k(a) = -a**2 - 8*a - 3. Let f be k(-7). Let u = f + p. Calculate the greatest common divisor of 21 and u.
3
Suppose 4*h + 11 - 59 = 0. Let g = 3 - -13. Let k = h + g. What is the highest common divisor of k and 70?
14
Let c(l) = 9*l + 2. Let v be c(-1). Let u be v/(-21)*(-6)/(-2). Calculate the greatest common divisor of u and 9.
1
Let h be (-980)/(-6) + (-2)/6. Let k be 16/8*5/2. Suppose j = -l + 47, -k*l = -l - j - h. What is the greatest common factor of l and 6?
6
Let m be 4/(32/78)*16/6. Suppose -5*s + 18 = -47. What is the greatest common factor of s and m?
13
Suppose 0 = 5*l - 0 + 40. Let t(h) = 61*h + 1. Let g be t(-1). Let p be g/l*8/3. What is the highest common factor of 50 and p?
10
Let c be 20/3*96/10. What is the highest common divisor of 16 and c?
16
Let s(w) = -w**3 - 5*w**2 - 4*w + 2. Let m be s(-5). What is the highest common factor of m and 11?
11
Let w = -6 + 7. Let s be 2 + w + 7 - 0. Let k be (2 - 4) + 8/2. Calculate the greatest common divisor of k and s.
2
Let j be (112/(-6))/(8/(-24)). Calculate the highest common divisor of j and 8.
8
Suppose 4*t - 29 = -f, 4*t + f = -t + 35. Suppose 5*d - z - t = 0, 4*d - 2*z - 12 = -3*z. What is the highest common divisor of 4 and d?
2
Let j(v) = -v**2 + 13*v + 3. Let w be j(13). Suppose w*g - 12 = a - 3*a, -a + 2*g = -6. Calculate the greatest common divisor of 18 and a.
6
Let t be 1 - -70 - (-2)/(-2). Suppose -2*p = 3*f - 5 - 15, 40 = 4*p + f. What is the greatest common divisor of p and t?
10
Suppose x - 288 = -8*x. What is the highest common factor of x and 8?
8
Let k be (2/(-6))/(2/(-6)). Let g = -127 + 137. What is the highest common divisor of g and k?
1
Suppose -112 - 80 = -4*s. Calculate the greatest common divisor of s and 16.
16
Let b = 15 - 2. Let q(y) = 5*y - 3. Let s(f) = f**2 + 25*f - 16. Let o(t) = -11*q(t) + 2*s(t). Let n be o(5). Calculate the greatest common divisor of b and n.
13
Suppose 12*n - 225 = 7*n. Calculate the greatest common divisor of 9 and n.
9
Let j(t) = -t**3 + 5*t - 2. Let n be j(3). Let g = 0 - n. Suppose 3*c - g = 25. Calculate the highest common divisor of 13 and c.
13
Let y be ((-9)/(-2))/((-1)/2). Let q be (-6)/27 + (-497)/y. Suppose 5*a + 15 - q = 0. What is the greatest common factor of 72 and a?
8
Let g be (-1 + (-36)/(-20))*-5. Let r(n) = -2*n + 2. Let o be r(g). What is the highest common divisor of o and 10?
10
Let g(v) = -v - 3 + 0*v - 1. Let t be g(-10). Let h be 18/((t/2)/12). Calculate the highest common factor of 9 and h.
9
Suppose 2*s = 7 - 1. Calculate the highest common factor of 3 and s.
3
Let i(p) = -p**2 + 3*p - 5. Let a be i(5). Let x = a - -28. Let j = -45 + 136. What is the greatest common divisor of x and j?
13
Suppose 2*s = 113 + 107. What is the greatest common factor of s and 10?
10
Suppose g = -j - 3*j - 11, -5*g + 3*j + 60 = 0. What is the greatest common factor of 27 and g?
9
Let t = -25 + 12. Let x = t - -27. Calculate the highest common factor of x and 154.
14
Let a(d) = d + 23. Let g be a(-4). Calculate the highest common divisor of g and 152.
19
Let j be (-2)/(-1 - 3/(-5)). Let d(a) = -a**3 + 6*a**2 - 5*a + 4. Let n be d(j). Suppose n*c - 21 = c. What is the greatest common factor of 63 and c?
7
Let y = 94 - 62. Suppose 5*d - 60 = -0*d. Suppose 0 = -a - 2*a + d. What is the greatest common factor of y and a?
4
Suppose 0*g + 5*g + 95 = 0. Let b be 3/2*88/3. Let a = b + g. Calculate the highest common factor of a and 10.
5
Suppose 4*a = -0*a + 52. Let o = 47 - -18. What is the highest common factor of a and o?
13
Let w(j) = j**2 + 3*j**3 + 4*j**3 + 6*j - 9*j**2 - 6*j**3 + 10. Let u be w(7). Let b = 8 - 2. Calculate the greatest common factor of b and u.
3
Suppose -5*j + 5*x = 30, -j + 3 = 2*x - 0*x. Let r be 3 + 6/j - -4. Calculate the highest common factor of 5 and r.
5
Let n(a) = -a**2 + 3*a + 74. Let v be n(10). Calculate the highest common divisor of 6 and v.
2
Suppose -1 = 3*n - 7. Let j = n + 0. What is the highest common divisor of j and 3?
1
Let g be 1005/45 - 4/3. Calculate the highest common factor of g and 168.
21
Let y be 952/48 + 4/24. What is the greatest common factor of 60 and y?
20
Let g(n) = -n**3 - 2*n**2 + n - 13. Let z be g(-4). Calculate the greatest common divisor of 20 and z.
5
Let u = -23 + 25. What is the greatest common factor of 4 a